{"id":149,"date":"2023-07-13T15:00:32","date_gmt":"2023-07-13T18:00:32","guid":{"rendered":"https:\/\/infortecbv.com.br\/?post_type=product&#038;p=149"},"modified":"2026-03-12T11:22:56","modified_gmt":"2026-03-12T14:22:56","slug":"fone-intra-auricular-c-micro-bluetooth-i7-tws-mini","status":"publish","type":"product","link":"https:\/\/infortecbv.com.br\/index.php\/product\/fone-intra-auricular-c-micro-bluetooth-i7-tws-mini\/","title":{"rendered":"FONE INTRA-AURICULAR C\/ MICRO BLUETOOTH I7 TWS MINI"},"content":{"rendered":"<div class=\"sc-dAlyuH dSzWKS sc-jlZhew ecZHJp sc-cPiKLX Nnuod sc-cPiKLX Nnuod\" title=\"\" data-testid=\"item-container\">\n<div class=\"sc-fqkvVR brzqJX sc-jEACwC heJXky sc-eDPEul bGQnla sc-eDPEul bGQnla\" data-testid=\"item-content\">Fone De Ouvido Sem Fio I7 Tws Mini Via Bluetooth V 5.0Formato do fone: In-ear\u00c9 sem fio: Sim Com Bluetooth: Sim Com microfone: Sim Alcance sem fio: 10 imped\u00e2ncia: 32 Resposta em frequ\u00eancia: 20 Hz &#8211; 20 kHz Sensibilidade: 42 dB Dura\u00e7\u00e3o da bateria: 6 hInclui base de carregamento: Sim Usos adequados: Esporte Acess\u00f3rios inclu\u00eddos: Cabo Com estojo que recarrega. Conex\u00e3o por meio de Bluetooth. Sua bateria dura 6 horas. Inclui microfone. Desfrute de um som superior e ilimitado. Confort\u00e1vel e pr\u00e1tico. Na rua, no \u00f4nibus ou no escrit\u00f3rio, tenha sempre seus fones de ouvido i7 TWS \u00e0 m\u00e3o e afaste-se da rotina por um tempo! Voc\u00ea poder\u00e1 apreciar a m\u00fasica que mais gosta e seus podcasts favoritos quando e onde quiser. O formato perfeito para voc\u00ea Sendo in-ear, isolam o ru\u00eddo do lado de fora, melhoram a qualidade do \u00e1udio e s\u00e3o de tamanho pequeno para serem inseridos no ouvido. S\u00e3o ideais para acompanh\u00e1-lo durante o exerc\u00edcio enquanto voc\u00ea mergulha no melhor som surround.<\/div>\n<\/div>\n<aside class=\"sc-bXWnss iSheEy\" data-testid=\"sidebar\">\n<div class=\"sc-fqkvVR fFKYVe sc-cRmqLi jblSbE\" data-testid=\"content\">\n<div class=\"sc-inyXkq cFBjuD\">\n<div class=\"sc-fremEr jMLQnX\">\n<p class=\"sc-kpDqfm eCPtRw sc-gwZKzw gEGtvU\" data-testid=\"detail-title\">\n<\/div>\n<\/div>\n<div class=\"sc-fqkvVR bEQBmz sc-kNxgZW fnFtIX\" data-testid=\"product-detail\">\n<div class=\"sc-fqkvVR heuZyN sc-hRcwtX bHnmge\" data-testid=\"product-detail-description\">\n<div class=\"sc-fqkvVR hlqElk sc-cpgxJx dIMzaJ\" data-testid=\"rich-content-container\"><\/div>\n<\/div>\n<\/div>\n<\/div>\n<div class=\"sc-fqkvVR hasWeI sc-dUWDJJ iWRXKN\" aria-hidden=\"true\" data-testid=\"overlay\"><\/div>\n<\/aside>\n<div class=\"sc-dAlyuH dSzWKS sc-jlZhew ecZHJp sc-cPiKLX Nnuod sc-cPiKLX Nnuod\" title=\"\" data-testid=\"item-container\">\n<div class=\"sc-dAlyuH fuMQye sc-jlZhew gnIXvv sc-dLMFU kZAmPK sc-dLMFU kZAmPK\" data-testid=\"item\">\n<p class=\"sc-kpDqfm eganTk sc-cwHptR dtpzom\" data-testid=\"item-title\">\n<\/div>\n<\/div>\n","protected":false},"excerpt":{"rendered":"<p>Fone De Ouvido Sem Fio I7 Tws Mini Via Bluetooth V 5.0Formato do fone: In-ear\u00c9 sem fio: Sim Com Bluetooth: Sim Com microfone: Sim Alcance sem fio: 10 imped\u00e2ncia: 32 Resposta em frequ\u00eancia: 20 Hz &#8211; 20 kHz Sensibilidade: 42 dB Dura\u00e7\u00e3o da bateria: 6 hInclui base de carregamento: Sim Usos adequados: Esporte Acess\u00f3rios inclu\u00eddos: [&hellip;]<\/p>\n","protected":false},"featured_media":150,"comment_status":"open","ping_status":"closed","template":"","meta":[],"product_brand":[],"product_cat":[37],"product_tag":[],"class_list":{"0":"post-149","1":"product","2":"type-product","3":"status-publish","4":"has-post-thumbnail","6":"product_cat-fones-bluetooth","8":"first","9":"instock","10":"sale","11":"shipping-taxable","12":"purchasable","13":"product-type-simple"},"_links":{"self":[{"href":"https:\/\/infortecbv.com.br\/index.php\/wp-json\/wp\/v2\/product\/149","targetHints":{"allow":["GET"]}}],"collection":[{"href":"https:\/\/infortecbv.com.br\/index.php\/wp-json\/wp\/v2\/product"}],"about":[{"href":"https:\/\/infortecbv.com.br\/index.php\/wp-json\/wp\/v2\/types\/product"}],"replies":[{"embeddable":true,"href":"https:\/\/infortecbv.com.br\/index.php\/wp-json\/wp\/v2\/comments?post=149"}],"wp:featuredmedia":[{"embeddable":true,"href":"https:\/\/infortecbv.com.br\/index.php\/wp-json\/wp\/v2\/media\/150"}],"wp:attachment":[{"href":"https:\/\/infortecbv.com.br\/index.php\/wp-json\/wp\/v2\/media?parent=149"}],"wp:term":[{"taxonomy":"product_brand","embeddable":true,"href":"https:\/\/infortecbv.com.br\/index.php\/wp-json\/wp\/v2\/product_brand?post=149"},{"taxonomy":"product_cat","embeddable":true,"href":"https:\/\/infortecbv.com.br\/index.php\/wp-json\/wp\/v2\/product_cat?post=149"},{"taxonomy":"product_tag","embeddable":true,"href":"https:\/\/infortecbv.com.br\/index.php\/wp-json\/wp\/v2\/product_tag?post=149"}],"curies":[{"name":"wp","href":"https:\/\/api.w.org\/{rel}","templated":true}]}}