{"id":291,"date":"2024-11-04T15:51:04","date_gmt":"2024-11-04T18:51:04","guid":{"rendered":"https:\/\/infortecbv.com.br\/?post_type=product&#038;p=291"},"modified":"2025-10-31T23:08:29","modified_gmt":"2025-11-01T02:08:29","slug":"poco-x6-5g","status":"publish","type":"product","link":"https:\/\/infortecbv.com.br\/index.php\/product\/poco-x6-5g\/","title":{"rendered":"POCO X6 5G"},"content":{"rendered":"<div class=\"item d-flex flex-column flex-lg-row\">\n<div class=\"esp d-flex align-items-center bor\">MARCA: Xiaomi<\/div>\n<\/div>\n<div class=\"item d-flex flex-column flex-lg-row\">\n<div class=\"esp d-flex align-items-center bor\">MODELO: POCO X6 5G (Global)<\/div>\n<\/div>\n<div class=\"item d-flex flex-column flex-lg-row\">\n<div class=\"esp d-flex align-items-center bor\">COR? Preto<\/div>\n<\/div>\n<div class=\"item d-flex flex-column flex-lg-row\">\n<div class=\"esp d-flex align-items-center bor\">MEM\u00d3RIA INTERNA: 256GB<\/div>\n<\/div>\n<div class=\"item d-flex flex-column flex-lg-row\">\n<div class=\"esp d-flex align-items-center bor\">MEM\u00d3RIA RAM: 12GB + 4GB de Mem\u00f3ria Virtual (Opcional)<\/div>\n<\/div>\n<div class=\"item d-flex flex-column flex-lg-row\">\n<div class=\"esp d-flex align-items-center bor\">PROCESSADOR CPU: Qualcomm Snapdragon 7s Gen 2 (4 nm) Octa Core (Quad Core de 2.4GHz + Quad Core 1.9GHz)<\/div>\n<\/div>\n<div class=\"item d-flex flex-column flex-lg-row\">\n<div class=\"esp d-flex align-items-center bor\">GPU: Qualcomm Adreno 710<\/div>\n<\/div>\n<div class=\"item d-flex flex-column flex-lg-row\">\n<div class=\"esp d-flex align-items-center bor\">SISTEMA OPERACIONAL: Android 13 + MIUI 14<\/div>\n<\/div>\n<div class=\"item d-flex flex-column flex-lg-row\">\n<div class=\"esp d-flex align-items-center bor\">TELA: CrystalRes Flow de 6.67&#8243; 2712 x 1220, AMOLED com prote\u00e7\u00e3o Corning Gorilla Glass<\/div>\n<\/div>\n<div class=\"item d-flex flex-column flex-lg-row\">\n<div class=\"esp d-flex align-items-center bor\">TAXA DE ATUALIZA\u00c7\u00c3O: 120Hz<\/div>\n<\/div>\n<div class=\"item d-flex flex-column flex-lg-row\">\n<div class=\"esp d-flex align-items-center bor\">C\u00c2MERA: Principal Triple: Wide de 64MP, Ultra Wide de 8MP e FOV 120\u02da, e Macro de 2MP + C\u00e2mera Frontal de 16MP<\/div>\n<\/div>\n<div class=\"item d-flex flex-column flex-lg-row\">\n<div class=\"esp d-flex align-items-center bor\">FREQU\u00caNCIA 2G: GSM: 850, 900, 1800, 1900 MHz<\/div>\n<\/div>\n<div class=\"item d-flex flex-column flex-lg-row\">\n<div class=\"esp d-flex align-items-center bor\">FREQU\u00caNCIA 3G: WCDMA: 1(2100), 2(1900), 4(1700), 5(850), 8(900), 19(850) MHz<\/div>\n<\/div>\n<div class=\"item d-flex flex-column flex-lg-row\">\n<div class=\"esp d-flex align-items-center bor\">FREQU\u00caNCIA 4G<\/div>\n<div class=\"valor bor\">FDD-LTE: 1(2100), 2(1900), 3(1800), 4(1700), 5(850), 7(2600), 8(900), 12(700), 13(700), 17(700), 18(800), 19(800), 20(800), 26(800), 28(700), 32(1500), 66(AWS-3) \/ TDD-LTE: 38(2600), 40(2300), 41(2500) MHz<\/div>\n<\/div>\n<div class=\"item d-flex flex-column flex-lg-row\">\n<div class=\"esp d-flex align-items-center bor\">FREQU\u00caNCIA 5G<\/div>\n<div class=\"valor bor\">FDD-NR: n1(2100), n3(1800), n5(850), n7(2600), n8(900), n20(800), n28(700), n66(AWS-3) \/ TDD-NR: n38(2600), n40(2300), n41(2500), n77(3700), n78(3500) MHz<\/div>\n<\/div>\n<div class=\"item d-flex flex-column flex-lg-row\">\n<div class=\"esp d-flex align-items-center bor\">SIM CARD: Dual SIM (Nano)<\/div>\n<\/div>\n<div class=\"item d-flex flex-column flex-lg-row\">\n<div class=\"esp d-flex align-items-center bor\">BATERIA: 5.100 mAh<\/div>\n<\/div>\n<div class=\"item d-flex flex-column flex-lg-row\">\n<div class=\"esp d-flex align-items-center bor\">COMUNICA\u00c7\u00c3O: USB-C &#8211; Conector Mini Jack 3.5 mm<\/div>\n<\/div>\n<div class=\"item d-flex flex-column flex-lg-row\">\n<div class=\"esp d-flex align-items-center bor\">CONECTIVIDADE WIRELESS: Wi-Fi 802.11 a\/b\/g\/n\/ac, banda dupla 2.4GHz e 5GHz &#8211; Bluetooth 5.3 &#8211; NFC<\/div>\n<\/div>\n<div class=\"item d-flex flex-column flex-lg-row\">\n<div class=\"esp d-flex align-items-center bor\">V\u00cdDEO: Qualidade m\u00e1xima de captura: 4K Ultra HD a 30 fps<\/div>\n<\/div>\n<div class=\"item d-flex flex-column flex-lg-row\">\n<div class=\"esp d-flex align-items-center bor\">LOCALIZA\u00c7\u00c3O: GPS &#8211; GLONASS &#8211; Galileo &#8211; BDS<\/div>\n<\/div>\n<div class=\"item d-flex flex-column flex-lg-row\">\n<div class=\"esp d-flex align-items-center bor\">SENSOR: Impress\u00e3o Digital &#8211; Proximidade &#8211; Aceler\u00f4metro &#8211; Girosc\u00f3pio &#8211; B\u00fassola Eletr\u00f4nica<\/div>\n<\/div>\n<div class=\"item d-flex flex-column flex-lg-row\">\n<div class=\"esp d-flex align-items-center bor\">PESO BRUTO (g): 528<\/div>\n<\/div>\n<div class=\"item d-flex flex-column flex-lg-row\">\n<div class=\"esp d-flex align-items-center bor\">DIMENS\u00d5ES DA EMBALAGEM (cm): 9.2 x 6 x 18.7<\/div>\n<\/div>\n<div class=\"item d-flex flex-column flex-lg-row\">\n<div class=\"esp d-flex align-items-center bor\">INCLUI: Adaptador de energia &#8211; Cabo USB &#8211; Capinha &#8211; Manual<\/div>\n<\/div>\n","protected":false},"excerpt":{"rendered":"<p>12\/256GB<br \/>\n(Black)<\/p>\n","protected":false},"featured_media":292,"comment_status":"open","ping_status":"closed","template":"","meta":[],"product_brand":[],"product_cat":[39,43],"product_tag":[],"class_list":{"0":"post-291","1":"product","2":"type-product","3":"status-publish","4":"has-post-thumbnail","6":"product_cat-celulares","7":"product_cat-xiaomi","9":"first","10":"onbackorder","11":"sale","12":"shipping-taxable","13":"purchasable","14":"product-type-simple"},"_links":{"self":[{"href":"https:\/\/infortecbv.com.br\/index.php\/wp-json\/wp\/v2\/product\/291","targetHints":{"allow":["GET"]}}],"collection":[{"href":"https:\/\/infortecbv.com.br\/index.php\/wp-json\/wp\/v2\/product"}],"about":[{"href":"https:\/\/infortecbv.com.br\/index.php\/wp-json\/wp\/v2\/types\/product"}],"replies":[{"embeddable":true,"href":"https:\/\/infortecbv.com.br\/index.php\/wp-json\/wp\/v2\/comments?post=291"}],"wp:featuredmedia":[{"embeddable":true,"href":"https:\/\/infortecbv.com.br\/index.php\/wp-json\/wp\/v2\/media\/292"}],"wp:attachment":[{"href":"https:\/\/infortecbv.com.br\/index.php\/wp-json\/wp\/v2\/media?parent=291"}],"wp:term":[{"taxonomy":"product_brand","embeddable":true,"href":"https:\/\/infortecbv.com.br\/index.php\/wp-json\/wp\/v2\/product_brand?post=291"},{"taxonomy":"product_cat","embeddable":true,"href":"https:\/\/infortecbv.com.br\/index.php\/wp-json\/wp\/v2\/product_cat?post=291"},{"taxonomy":"product_tag","embeddable":true,"href":"https:\/\/infortecbv.com.br\/index.php\/wp-json\/wp\/v2\/product_tag?post=291"}],"curies":[{"name":"wp","href":"https:\/\/api.w.org\/{rel}","templated":true}]}}