{"id":305,"date":"2024-11-08T14:19:56","date_gmt":"2024-11-08T17:19:56","guid":{"rendered":"https:\/\/infortecbv.com.br\/?post_type=product&#038;p=305"},"modified":"2025-10-31T23:00:10","modified_gmt":"2025-11-01T02:00:10","slug":"headphone-gt-follow-bluetooth-verde-goldentec","status":"publish","type":"product","link":"https:\/\/infortecbv.com.br\/index.php\/product\/headphone-gt-follow-bluetooth-verde-goldentec\/","title":{"rendered":"HEADPHONE GT FOLLOW BLUETOOTH VERDE GOLDENTEC"},"content":{"rendered":"<p>\u2022 Conex\u00e3o Bluetooth<br \/>\n\u2022 10h de autonomia<br \/>\n\u2022 Controles de m\u00fasica e volume<br \/>\n\u2022 Microfone embutido para chamadas<\/p>\n<table>\n<tbody>\n<tr>\n<td colspan=\"3\"><u><b>ESPECIFICA\u00c7\u00d5ES T\u00c9CNICAS<\/b><\/u><\/td>\n<\/tr>\n<tr>\n<td><b>Modelo<\/b><\/td>\n<td>GT Follow Bluetooth<\/td>\n<\/tr>\n<tr>\n<td><b>Cor<\/b><\/td>\n<td>Preto com Verde<\/td>\n<\/tr>\n<tr>\n<td><b>Bluetooth<\/b><\/td>\n<td>Bluetooth V4.2<\/td>\n<\/tr>\n<tr>\n<td><b>Dist\u00e2ncia de transmiss\u00e3o<\/b><\/td>\n<td>At\u00e9 10m (pode variar, de acordo com fatores ambientais e dispositivos conectados)<\/td>\n<\/tr>\n<tr>\n<td><b>Tens\u00e3o de entrada<\/b><\/td>\n<td>5V \/ 1A<\/td>\n<\/tr>\n<tr>\n<td><b>Bateria integrada<\/b><\/td>\n<td>Bateria de L\u00edtio, 3.7V \/ 300mAh<\/td>\n<\/tr>\n<tr>\n<td><b>Tempo de carregamento<\/b><\/td>\n<td>Aproximadamente 2 horas<\/td>\n<\/tr>\n<tr>\n<td><b>Autonomia<\/b><\/td>\n<td>Entre 4 e 10 horas de uso cont\u00ednuo<\/td>\n<\/tr>\n<tr>\n<td><b>Di\u00e2metro do drive<\/b><\/td>\n<td>40mm<\/td>\n<\/tr>\n<tr>\n<td><b>Tens\u00e3o<\/b><\/td>\n<td>10mV<\/td>\n<\/tr>\n<tr>\n<td><b>Imped\u00e2ncia<\/b><\/td>\n<td>64\u03a9 \u00b1 15%<\/td>\n<\/tr>\n<tr>\n<td><b>Resposta de frequ\u00eancia<\/b><\/td>\n<td>20Hz ~ 20KHz<\/td>\n<\/tr>\n<tr>\n<td><b>Sensibilidade<\/b><\/td>\n<td>96dB (\u00b1 3dB)<\/td>\n<\/tr>\n<tr>\n<td><b>Distor\u00e7\u00e3o<\/b><\/td>\n<td>&lt; 3% (THO)<\/td>\n<\/tr>\n<tr>\n<td><b>Interfaces<\/b><\/td>\n<td>USB (Carregamento)<br \/>\nBluetooth (transmiss\u00e3o de \u00e1udio sem fio)<br \/>\nP2 3.5mm (transmiss\u00e3o de \u00e1udio com fio &#8211; cabo P2 n\u00e3o incluso)<\/td>\n<\/tr>\n<tr>\n<td><b>Conte\u00fado da embalagem<\/b><\/td>\n<td>&#8211; Fone de Ouvido GT Follow Bluetooth<br \/>\n&#8211; Cabo USB x Micro USB<br \/>\n&#8211; Manual de instru\u00e7\u00f5es<\/td>\n<\/tr>\n<\/tbody>\n<\/table>\n","protected":false},"excerpt":{"rendered":"<p>\u2022 Conex\u00e3o Bluetooth \u2022 10h de autonomia \u2022 Controles de m\u00fasica e volume \u2022 Microfone embutido para chamadas ESPECIFICA\u00c7\u00d5ES T\u00c9CNICAS Modelo GT Follow Bluetooth Cor Preto com Verde Bluetooth Bluetooth V4.2 Dist\u00e2ncia de transmiss\u00e3o At\u00e9 10m (pode variar, de acordo com fatores ambientais e dispositivos conectados) Tens\u00e3o de entrada 5V \/ 1A Bateria integrada Bateria [&hellip;]<\/p>\n","protected":false},"featured_media":306,"comment_status":"open","ping_status":"closed","template":"","meta":[],"product_brand":[],"product_cat":[37],"product_tag":[],"class_list":{"0":"post-305","1":"product","2":"type-product","3":"status-publish","4":"has-post-thumbnail","6":"product_cat-fones-bluetooth","8":"first","9":"instock","10":"sale","11":"shipping-taxable","12":"purchasable","13":"product-type-simple"},"_links":{"self":[{"href":"https:\/\/infortecbv.com.br\/index.php\/wp-json\/wp\/v2\/product\/305","targetHints":{"allow":["GET"]}}],"collection":[{"href":"https:\/\/infortecbv.com.br\/index.php\/wp-json\/wp\/v2\/product"}],"about":[{"href":"https:\/\/infortecbv.com.br\/index.php\/wp-json\/wp\/v2\/types\/product"}],"replies":[{"embeddable":true,"href":"https:\/\/infortecbv.com.br\/index.php\/wp-json\/wp\/v2\/comments?post=305"}],"wp:featuredmedia":[{"embeddable":true,"href":"https:\/\/infortecbv.com.br\/index.php\/wp-json\/wp\/v2\/media\/306"}],"wp:attachment":[{"href":"https:\/\/infortecbv.com.br\/index.php\/wp-json\/wp\/v2\/media?parent=305"}],"wp:term":[{"taxonomy":"product_brand","embeddable":true,"href":"https:\/\/infortecbv.com.br\/index.php\/wp-json\/wp\/v2\/product_brand?post=305"},{"taxonomy":"product_cat","embeddable":true,"href":"https:\/\/infortecbv.com.br\/index.php\/wp-json\/wp\/v2\/product_cat?post=305"},{"taxonomy":"product_tag","embeddable":true,"href":"https:\/\/infortecbv.com.br\/index.php\/wp-json\/wp\/v2\/product_tag?post=305"}],"curies":[{"name":"wp","href":"https:\/\/api.w.org\/{rel}","templated":true}]}}