{"id":371,"date":"2026-02-06T15:33:57","date_gmt":"2026-02-06T18:33:57","guid":{"rendered":"https:\/\/infortecbv.com.br\/?post_type=product&#038;p=371"},"modified":"2026-02-06T15:34:38","modified_gmt":"2026-02-06T18:34:38","slug":"camera-seguranca-lampada-ip-wifi-360-full-hd-yoosee-inteligente-prova-dagua-giratoria-visao-noturna-infravermelho-deteccao-de-movimentos-1080p-hd-bivolt-premium","status":"publish","type":"product","link":"https:\/\/infortecbv.com.br\/index.php\/product\/camera-seguranca-lampada-ip-wifi-360-full-hd-yoosee-inteligente-prova-dagua-giratoria-visao-noturna-infravermelho-deteccao-de-movimentos-1080p-hd-bivolt-premium\/","title":{"rendered":"C\u00e2mera Seguran\u00e7a L\u00e2mpada Ip Wifi 360\u00b0 Full HD Yoosee Inteligente Prova D&#8217;\u00e1gua Girat\u00f3ria Vis\u00e3o Noturna Infravermelho Detec\u00e7\u00e3o de Movimentos 1080P HD Bivolt Premium"},"content":{"rendered":"<p><img fetchpriority=\"high\" decoding=\"async\" class=\"alignnone size-medium wp-image-372\" src=\"http:\/\/infortecbv.com.br\/wp-content\/uploads\/2026\/02\/image-300x300.jpg\" alt=\"\" width=\"300\" height=\"300\" srcset=\"https:\/\/infortecbv.com.br\/wp-content\/uploads\/2026\/02\/image-300x300.jpg 300w, https:\/\/infortecbv.com.br\/wp-content\/uploads\/2026\/02\/image-150x150.jpg 150w, https:\/\/infortecbv.com.br\/wp-content\/uploads\/2026\/02\/image-768x768.jpg 768w, https:\/\/infortecbv.com.br\/wp-content\/uploads\/2026\/02\/image-600x600.jpg 600w, https:\/\/infortecbv.com.br\/wp-content\/uploads\/2026\/02\/image-100x100.jpg 100w, https:\/\/infortecbv.com.br\/wp-content\/uploads\/2026\/02\/image.jpg 1000w\" sizes=\"(max-width: 300px) 100vw, 300px\" \/><\/p>\n","protected":false},"excerpt":{"rendered":"","protected":false},"featured_media":372,"comment_status":"open","ping_status":"closed","template":"","meta":[],"product_brand":[],"product_cat":[34],"product_tag":[],"class_list":{"0":"post-371","1":"product","2":"type-product","3":"status-publish","4":"has-post-thumbnail","6":"product_cat-informatica-e-eletronicos","8":"first","9":"instock","10":"shipping-taxable","11":"purchasable","12":"product-type-simple"},"_links":{"self":[{"href":"https:\/\/infortecbv.com.br\/index.php\/wp-json\/wp\/v2\/product\/371","targetHints":{"allow":["GET"]}}],"collection":[{"href":"https:\/\/infortecbv.com.br\/index.php\/wp-json\/wp\/v2\/product"}],"about":[{"href":"https:\/\/infortecbv.com.br\/index.php\/wp-json\/wp\/v2\/types\/product"}],"replies":[{"embeddable":true,"href":"https:\/\/infortecbv.com.br\/index.php\/wp-json\/wp\/v2\/comments?post=371"}],"wp:featuredmedia":[{"embeddable":true,"href":"https:\/\/infortecbv.com.br\/index.php\/wp-json\/wp\/v2\/media\/372"}],"wp:attachment":[{"href":"https:\/\/infortecbv.com.br\/index.php\/wp-json\/wp\/v2\/media?parent=371"}],"wp:term":[{"taxonomy":"product_brand","embeddable":true,"href":"https:\/\/infortecbv.com.br\/index.php\/wp-json\/wp\/v2\/product_brand?post=371"},{"taxonomy":"product_cat","embeddable":true,"href":"https:\/\/infortecbv.com.br\/index.php\/wp-json\/wp\/v2\/product_cat?post=371"},{"taxonomy":"product_tag","embeddable":true,"href":"https:\/\/infortecbv.com.br\/index.php\/wp-json\/wp\/v2\/product_tag?post=371"}],"curies":[{"name":"wp","href":"https:\/\/api.w.org\/{rel}","templated":true}]}}